{"id":11,"date":"2015-12-02T15:17:44","date_gmt":"2015-12-02T15:17:44","guid":{"rendered":"http:\/\/hotelphiloxenia.codibee.solutions\/about-island\/"},"modified":"2019-08-19T10:41:07","modified_gmt":"2019-08-19T10:41:07","slug":"lefkes-village","status":"publish","type":"page","link":"https:\/\/www.panoramahotel.gr\/fr\/lefkes-village\/","title":{"rendered":"Village Lefkes"},"content":{"rendered":"<p>La montagne est synonyme de Ambelas village Lefkes situ\u00e9 dans le centre de l\u2019\u00eele \u00e0 une altitude de 250 m\u00e8tres (11 kilom\u00e8tres de Parikia). Nous vous y rendre en voiture, mais s\u2019arr\u00eate \u00e0 l\u2019entr\u00e9e du parking du village, Voyage \u00e0 pied. La promenade dans le village r\u00e9v\u00e9lera rues pav\u00e9es de marbre, des terrasses et des b\u00e2timents blanchis \u00e0 la chaux de l\u2019architecture populaire.<\/p>\n<p>&nbsp;<\/p>\n<p><br><br><div class=\"gallery clearfix\"><div class=\"grid-sizer\"><\/div><dl class=\"gallery-item\"><dt class=\"gallery-icon\"><a href=\"https:\/\/www.panoramahotel.gr\/wp-content\/uploads\/sites\/16\/2015\/12\/lefkes-village-panorama-hotel-sea-view-1024x686.jpg\"><img loading=\"lazy\" decoding=\"async\" width=\"320\" height=\"214\" src=\"https:\/\/www.panoramahotel.gr\/wp-content\/uploads\/sites\/16\/2015\/12\/lefkes-village-panorama-hotel-sea-view-320x214.jpg\" class=\"attachment-small-mobile size-small-mobile\" alt=\"\" srcset=\"https:\/\/www.panoramahotel.gr\/wp-content\/uploads\/sites\/16\/2015\/12\/lefkes-village-panorama-hotel-sea-view-320x214.jpg 320w, https:\/\/www.panoramahotel.gr\/wp-content\/uploads\/sites\/16\/2015\/12\/lefkes-village-panorama-hotel-sea-view-300x201.jpg 300w, https:\/\/www.panoramahotel.gr\/wp-content\/uploads\/sites\/16\/2015\/12\/lefkes-village-panorama-hotel-sea-view-1024x686.jpg 1024w, https:\/\/www.panoramahotel.gr\/wp-content\/uploads\/sites\/16\/2015\/12\/lefkes-village-panorama-hotel-sea-view-1280x858.jpg 1280w, https:\/\/www.panoramahotel.gr\/wp-content\/uploads\/sites\/16\/2015\/12\/lefkes-village-panorama-hotel-sea-view-680x456.jpg 680w, https:\/\/www.panoramahotel.gr\/wp-content\/uploads\/sites\/16\/2015\/12\/lefkes-village-panorama-hotel-sea-view-1920x1287.jpg 1920w\" sizes=\"auto, (max-width: 320px) 100vw, 320px\" \/><\/a><\/dt><\/dl><dl class=\"gallery-item\"><dt class=\"gallery-icon\"><a href=\"https:\/\/www.panoramahotel.gr\/wp-content\/uploads\/sites\/16\/2017\/11\/location-panorama-hotel-lefkes-village-1024x686.jpg\"><img loading=\"lazy\" decoding=\"async\" width=\"320\" height=\"214\" src=\"https:\/\/www.panoramahotel.gr\/wp-content\/uploads\/sites\/16\/2017\/11\/location-panorama-hotel-lefkes-village-320x214.jpg\" class=\"attachment-small-mobile size-small-mobile\" alt=\"\" srcset=\"https:\/\/www.panoramahotel.gr\/wp-content\/uploads\/sites\/16\/2017\/11\/location-panorama-hotel-lefkes-village-320x214.jpg 320w, https:\/\/www.panoramahotel.gr\/wp-content\/uploads\/sites\/16\/2017\/11\/location-panorama-hotel-lefkes-village-300x201.jpg 300w, https:\/\/www.panoramahotel.gr\/wp-content\/uploads\/sites\/16\/2017\/11\/location-panorama-hotel-lefkes-village-1024x686.jpg 1024w, https:\/\/www.panoramahotel.gr\/wp-content\/uploads\/sites\/16\/2017\/11\/location-panorama-hotel-lefkes-village-1280x857.jpg 1280w, https:\/\/www.panoramahotel.gr\/wp-content\/uploads\/sites\/16\/2017\/11\/location-panorama-hotel-lefkes-village-680x455.jpg 680w, https:\/\/www.panoramahotel.gr\/wp-content\/uploads\/sites\/16\/2017\/11\/location-panorama-hotel-lefkes-village-1920x1286.jpg 1920w\" sizes=\"auto, (max-width: 320px) 100vw, 320px\" \/><\/a><\/dt><\/dl><dl class=\"gallery-item\"><dt class=\"gallery-icon\"><a href=\"https:\/\/www.panoramahotel.gr\/wp-content\/uploads\/sites\/16\/2016\/01\/lefkes-village-panorama-hotel-paros-1024x683.jpg\"><img loading=\"lazy\" decoding=\"async\" width=\"320\" height=\"213\" src=\"https:\/\/www.panoramahotel.gr\/wp-content\/uploads\/sites\/16\/2016\/01\/lefkes-village-panorama-hotel-paros-320x213.jpg\" class=\"attachment-small-mobile size-small-mobile\" alt=\"\" srcset=\"https:\/\/www.panoramahotel.gr\/wp-content\/uploads\/sites\/16\/2016\/01\/lefkes-village-panorama-hotel-paros-320x213.jpg 320w, https:\/\/www.panoramahotel.gr\/wp-content\/uploads\/sites\/16\/2016\/01\/lefkes-village-panorama-hotel-paros-300x200.jpg 300w, https:\/\/www.panoramahotel.gr\/wp-content\/uploads\/sites\/16\/2016\/01\/lefkes-village-panorama-hotel-paros-1024x683.jpg 1024w, https:\/\/www.panoramahotel.gr\/wp-content\/uploads\/sites\/16\/2016\/01\/lefkes-village-panorama-hotel-paros-1280x853.jpg 1280w, https:\/\/www.panoramahotel.gr\/wp-content\/uploads\/sites\/16\/2016\/01\/lefkes-village-panorama-hotel-paros-680x453.jpg 680w, https:\/\/www.panoramahotel.gr\/wp-content\/uploads\/sites\/16\/2016\/01\/lefkes-village-panorama-hotel-paros-1920x1280.jpg 1920w\" sizes=\"auto, (max-width: 320px) 100vw, 320px\" \/><\/a><\/dt><\/dl><\/div><\/p>","protected":false},"excerpt":{"rendered":"<p>La montagne est synonyme de Ambelas village Lefkes situ\u00e9 dans le centre de l\u2019\u00eele \u00e0 une altitude de 250 m\u00e8tres.<\/p>\n","protected":false},"author":1,"featured_media":1537,"parent":0,"menu_order":0,"comment_status":"closed","ping_status":"closed","template":"","meta":{"footnotes":""},"class_list":["post-11","page","type-page","status-publish","has-post-thumbnail","hentry"],"_links":{"self":[{"href":"https:\/\/www.panoramahotel.gr\/fr\/wp-json\/wp\/v2\/pages\/11","targetHints":{"allow":["GET"]}}],"collection":[{"href":"https:\/\/www.panoramahotel.gr\/fr\/wp-json\/wp\/v2\/pages"}],"about":[{"href":"https:\/\/www.panoramahotel.gr\/fr\/wp-json\/wp\/v2\/types\/page"}],"author":[{"embeddable":true,"href":"https:\/\/www.panoramahotel.gr\/fr\/wp-json\/wp\/v2\/users\/1"}],"replies":[{"embeddable":true,"href":"https:\/\/www.panoramahotel.gr\/fr\/wp-json\/wp\/v2\/comments?post=11"}],"version-history":[{"count":12,"href":"https:\/\/www.panoramahotel.gr\/fr\/wp-json\/wp\/v2\/pages\/11\/revisions"}],"predecessor-version":[{"id":1598,"href":"https:\/\/www.panoramahotel.gr\/fr\/wp-json\/wp\/v2\/pages\/11\/revisions\/1598"}],"wp:featuredmedia":[{"embeddable":true,"href":"https:\/\/www.panoramahotel.gr\/fr\/wp-json\/wp\/v2\/media\/1537"}],"wp:attachment":[{"href":"https:\/\/www.panoramahotel.gr\/fr\/wp-json\/wp\/v2\/media?parent=11"}],"curies":[{"name":"wp","href":"https:\/\/api.w.org\/{rel}","templated":true}]}}

<p>La montagne est synonyme de Ambelas village Lefkes situé dans le centre de l’île à une altitude de 250 mètres (11 kilomètres de Parikia). Nous vous y rendre en voiture, mais s’arrête à l’entrée du parking du village, Voyage à pied. La promenade dans le village révélera rues pavées de marbre, des terrasses et des bâtiments blanchis à la chaux de l’architecture populaire.</p>
<p>&nbsp;</p>
<p><br><br><div class="gallery clearfix"><div class="grid-sizer"></div><dl class="gallery-item"><dt class="gallery-icon"><a href="https://www.panoramahotel.gr/wp-content/uploads/sites/16/2015/12/lefkes-village-panorama-hotel-sea-view-1024x686.jpg"><img loading="lazy" decoding="async" width="320" height="214" src="https://www.panoramahotel.gr/wp-content/uploads/sites/16/2015/12/lefkes-village-panorama-hotel-sea-view-320x214.jpg" class="attachment-small-mobile size-small-mobile" alt="" srcset="https://www.panoramahotel.gr/wp-content/uploads/sites/16/2015/12/lefkes-village-panorama-hotel-sea-view-320x214.jpg 320w, https://www.panoramahotel.gr/wp-content/uploads/sites/16/2015/12/lefkes-village-panorama-hotel-sea-view-300x201.jpg 300w, https://www.panoramahotel.gr/wp-content/uploads/sites/16/2015/12/lefkes-village-panorama-hotel-sea-view-1024x686.jpg 1024w, https://www.panoramahotel.gr/wp-content/uploads/sites/16/2015/12/lefkes-village-panorama-hotel-sea-view-1280x858.jpg 1280w, https://www.panoramahotel.gr/wp-content/uploads/sites/16/2015/12/lefkes-village-panorama-hotel-sea-view-680x456.jpg 680w, https://www.panoramahotel.gr/wp-content/uploads/sites/16/2015/12/lefkes-village-panorama-hotel-sea-view-1920x1287.jpg 1920w" sizes="auto, (max-width: 320px) 100vw, 320px" /></a></dt></dl><dl class="gallery-item"><dt class="gallery-icon"><a href="https://www.panoramahotel.gr/wp-content/uploads/sites/16/2017/11/location-panorama-hotel-lefkes-village-1024x686.jpg"><img loading="lazy" decoding="async" width="320" height="214" src="https://www.panoramahotel.gr/wp-content/uploads/sites/16/2017/11/location-panorama-hotel-lefkes-village-320x214.jpg" class="attachment-small-mobile size-small-mobile" alt="" srcset="https://www.panoramahotel.gr/wp-content/uploads/sites/16/2017/11/location-panorama-hotel-lefkes-village-320x214.jpg 320w, https://www.panoramahotel.gr/wp-content/uploads/sites/16/2017/11/location-panorama-hotel-lefkes-village-300x201.jpg 300w, https://www.panoramahotel.gr/wp-content/uploads/sites/16/2017/11/location-panorama-hotel-lefkes-village-1024x686.jpg 1024w, https://www.panoramahotel.gr/wp-content/uploads/sites/16/2017/11/location-panorama-hotel-lefkes-village-1280x857.jpg 1280w, https://www.panoramahotel.gr/wp-content/uploads/sites/16/2017/11/location-panorama-hotel-lefkes-village-680x455.jpg 680w, https://www.panoramahotel.gr/wp-content/uploads/sites/16/2017/11/location-panorama-hotel-lefkes-village-1920x1286.jpg 1920w" sizes="auto, (max-width: 320px) 100vw, 320px" /></a></dt></dl><dl class="gallery-item"><dt class="gallery-icon"><a href="https://www.panoramahotel.gr/wp-content/uploads/sites/16/2016/01/lefkes-village-panorama-hotel-paros-1024x683.jpg"><img loading="lazy" decoding="async" width="320" height="213" src="https://www.panoramahotel.gr/wp-content/uploads/sites/16/2016/01/lefkes-village-panorama-hotel-paros-320x213.jpg" class="attachment-small-mobile size-small-mobile" alt="" srcset="https://www.panoramahotel.gr/wp-content/uploads/sites/16/2016/01/lefkes-village-panorama-hotel-paros-320x213.jpg 320w, https://www.panoramahotel.gr/wp-content/uploads/sites/16/2016/01/lefkes-village-panorama-hotel-paros-300x200.jpg 300w, https://www.panoramahotel.gr/wp-content/uploads/sites/16/2016/01/lefkes-village-panorama-hotel-paros-1024x683.jpg 1024w, https://www.panoramahotel.gr/wp-content/uploads/sites/16/2016/01/lefkes-village-panorama-hotel-paros-1280x853.jpg 1280w, https://www.panoramahotel.gr/wp-content/uploads/sites/16/2016/01/lefkes-village-panorama-hotel-paros-680x453.jpg 680w, https://www.panoramahotel.gr/wp-content/uploads/sites/16/2016/01/lefkes-village-panorama-hotel-paros-1920x1280.jpg 1920w" sizes="auto, (max-width: 320px) 100vw, 320px" /></a></dt></dl></div></p>

<p>La montagne est synonyme de Ambelas village Lefkes situé dans le centre de l’île à une altitude de 250 mètres.</p>
